2 a multiple of 113?
True
Is 1288490 a multiple of 790?
True
Is 13 a factor of 12973701?
True
Does 53 divide 1119731?
True
Does 105 divide 133628?
False
Does 115 divide 12771655?
False
Is 68264 a multiple of 14?
True
Is 27 a factor of 1343666?
False
Is 1146283 a multiple of 93?
False
Does 212 divide 246344?
True
Is 3 a factor of 20052?
True
Is 21 a factor of 204213?
False
Is 1153890 a multiple of 10?
True
Is 175 a factor of 4231972?
False
Is 333 a factor of 2450882?
False
Does 179 divide 448932?
True
Is 429336 a multiple of 18?
True
Is 2381723 a multiple of 77?
False
Is 10 a factor of 233623?
False
Does 47 divide 293825?
False
Is 5255 a multiple of 8?
False
Is 8 a factor of 312685?
False
Does 30 divide 2220?
True
Is 167125 even?
False
Is 31914 a multiple of 51?
False
Is 44 a factor of 6072?
True
Is 159 a factor of 309248?
False
Does 46 divide 4958110?
True
Does 35 divide 67060?
True
Is 92 a factor of 143796?
True
Does 309 divide 3970959?
True
Is 2182425 a multiple of 7?
True
Is 99 a factor of 303831?
True
Is 1409923 a multiple of 259?
False
Is 1738785 a multiple of 15?
True
Does 406 divide 8476980?
False
Is 239 a factor of 440558?
False
Does 11 divide 903947?
True
Is 10483 a multiple of 16?
False
Is 44390 a multiple of 22?
False
Is 311984 a multiple of 37?
True
Does 9 divide 377964?
True
Is 269304 a multiple of 7?
True
Is 474 a factor of 114318?
False
Is 379 a factor of 620044?
True
Is 66 a factor of 496782?
True
Is 166893 a multiple of 27?
False
Is 3040723 a multiple of 3?
False
Does 24 divide 1975416?
True
Is 462 a factor of 961422?
True
Does 97 divide 35092?
False
Does 349 divide 347387?
False
Is 256 a factor of 2804736?
True
Does 5 divide 48971?
False
Is 737771 a multiple of 181?
False
Does 107 divide 69853?
False
Is 204 a factor of 7746255?
False
Does 5 divide 214743?
False
Does 12 divide 6109?
False
Is 65121 a multiple of 21?
True
Is 3 a factor of 284538?
True
Is 570 a factor of 2057130?
True
Is 1514132 a multiple of 4?
True
Is 3 a factor of 43416?
True
Does 229 divide 309603?
False
Is 5 a factor of 21916?
False
Is 62 a factor of 446742?
False
Does 25 divide 1831922?
False
Is 413139 a multiple of 9?
False
Is 3762239 a multiple of 1011?
False
Is 162 a factor of 467046?
True
Does 188 divide 366788?
True
Is 5599288 a multiple of 259?
False
Is 159462 a multiple of 34?
False
Is 175 a factor of 663600?
True
Is 72796 a multiple of 134?
False
Does 20 divide 17920?
True
Is 747678 a multiple of 174?
True
Is 187752 a multiple of 6?
True
Is 694270 a multiple of 11?
False
Does 569 divide 4597917?
False
Is 638553 even?
False
Is 1166259 a multiple of 332?
False
Is 245472 a multiple of 202?
False
Does 28 divide 3045619?
False
Is 202682 a multiple of 140?
False
Does 132 divide 111974?
False
Does 107 divide 105304?
False
Does 823 divide 3362778?
True
Is 71 a factor of 656655?
False
Is 13 a factor of 2027012?
True
Is 2368058 a multiple of 30?
False
Is 794 a factor of 2565699?
False
Is 9 a factor of 136411?
False
Does 13 divide 316800?
False
Does 70 divide 13510?
True
Does 1119 divide 2356827?
False
Is 52 a factor of 33742?
False
Is 53 a factor of 221782?
False
Is 753 a factor of 6168344?
False
Does 38 divide 449751?
False
Is 1573 a factor of 12492766?
True
Does 83 divide 106825?
False
Does 45 divide 2186010?
True
Is 56 a factor of 138376?
True
Is 766861 a multiple of 19?
False
Does 270 divide 316980?
True
Is 112090 a multiple of 22?
True
Is 13971092 a multiple of 443?
False
Is 89896 a multiple of 4?
True
Is 760 a factor of 4588275?
False
Is 54 a factor of 98874?
True
Is 1357388 a multiple of 7?
False
Is 429060 a multiple of 15?
True
Is 85020 a multiple of 4?
True
Does 45 divide 106875?
True
Is 17 a factor of 16858298?
False
Is 4533564 a multiple of 217?
True
Is 2332575 a multiple of 175?
True
Is 11 a factor of 4877422?
True
Does 191 divide 11231373?
True
Does 21 divide 319456?
False
Is 1770087 a multiple of 11?
True
Is 1573079 a multiple of 3?
False
Is 201 a factor of 1068717?
True
Is 595320 a multiple of 10?
True
Is 6 a factor of 172413?
False
Is 1138704 a multiple of 6?
True
Is 1421989 a multiple of 325?
False
Is 7 a factor of 161086?
False
Does 24 divide 428186?
False
Does 76 divide 1052323?
False
Is 8 a factor of 58568?
True
Does 21 divide 2854308?
False
Does 25 divide 3708280?
False
Is 1695472 a multiple of 2?
True
Is 15 a factor of 1191105?
True
Is 306 a factor of 437580?
True
Is 12 a factor of 3728438?
False
Is 187571 a multiple of 88?
False
Does 11 divide 2243539?
False
Does 4 divide 111919?
False
Is 21 a factor of 194333?
False
Does 15 divide 680790?
True
Is 84 a factor of 1351392?
True
Is 306 a factor of 880056?
True
Does 40 divide 53440?
True
Does 12 divide 235387?
False
Is 1238845 a multiple of 59?
False
Is 13 a factor of 72332?
True
Is 23 a factor of 8237?
False
Is 21 a factor of 979973?
False
Is 1206809 a multiple of 1837?
False
Is 261046 a multiple of 54?
False
Does 4 divide 1672363?
False
Is 3722217 a multiple of 39?
False
Is 973080 a multiple of 954?
True
Does 1774 divide 3791899?
False
Is 526 a factor of 2596244?
False
Is 1030239 a multiple of 21?
True
Is 30 a factor of 871257?
False
Is 30 a factor of 1355342?
False
Is 7248700 a multiple of 346?
True
Does 32 divide 150112?
True
Is 1935680 a multiple of 460?
True
Is 6769 a multiple of 3?
False
Is 334 a factor of 71002?
False
Does 46 divide 585580?
True
Is 10 a factor of 152600?
True
Is 5856 a multiple of 8?
True
Does 33 divide 672447?
False
Does 7 divide 237741?
True
Is 27478 a multiple of 4?
False
Does 133 divide 216657?
True
Is 1570 a factor of 3160410?
True
Is 22 a factor of 181258?
True
Does 1515 divide 19460175?
True
Is 19 a factor of 1537391?
False
Does 56 divide 3737733?
False
Is 4528896 a multiple of 24?
True
Does 290 divide 303920?
True
Does 110 divide 1478290?
True
Does 71 divide 6336015?
False
Is 4889111 a multiple of 16?
False
Does 323 divide 156669?
False
Is 272928 a multiple of 12?
True
Is 626230 a multiple of 3?
False
Is 21 a factor of 1143751?
False
Does 12 divide 684744?
True
Does 4 divide 18162?
False
Is 3196656 a multiple of 10?
False
Is 1411290 a multiple of 30?
True
Is 69072 a multiple of 16?
True
Does 764 divide 593628?
True
Does 138 divide 490028?
False
Is 19 a factor of 3850734?
False
Is 33 a factor of 85833?
True
Is 41608 a multiple of 14?
True
Does 3 divide 47644?
False
Is 92 a factor of 572257?
False
Is 895086 a multiple of 399?
False
Is 40 a factor of 208920?
True
Is 4 a factor of 2353280?
True
Is 48 a factor of 514128?
True
Does 14 divide 25368?
True
Does 16 divide 140512?
True
Is 306 a factor of 643059?
False
Does 53 divide 281009?
False
Does 9 divide 1409094?
True
Is 55 a factor of 3705?
False
Is 32 a factor of 185728?
True
Does 34 divide 218291?
False
Is 38101 a multiple of 6?
False
Is 79 a factor of 550154?
False
Is 984908 a multiple of 226?
True
Is 163 a factor of 528867?
False
Is 290 a factor of 801892?
False
Is 30 a factor of 167025?
False
Does 14 divide 121926?
True
Does 257 divide 1239254?
True
Does 74 divide 224146?
True
Does 8 divide 94230?
False
Is 24390 a multiple of 10?
True
Is 1147 a factor of 142499?
False
Does 33 divide 113692?
False
Is 20 a factor of 296821?
False
Is 1615994 a multiple of 491?
False
Is 9 a factor of 94149?
True
Does 47 divide 37209?
False
Does 20 divide 874300?
True
Does 24 divide 204096?
True
Is 7 a factor of 67690?
True
Is 161637 a multiple of 43?
True
Is 2185848 a multiple of 72?
True
Does 100 divide 13974605?
False
Is 221 a factor of 638429?
False
Is 156410 a multiple of 8?
False
Does 55 divide 119035?
False
Does 162 divide 43578?
True
Is 581 a factor of 1652364?
True
Is 61580 a multiple of 35?
False
Is 309600 a multiple of 80?
True
Is 62 a factor of 1819540?
False
Is 353958 a multiple of 31?
True
Does 44 divide 768497?
False
Is 277 a factor of 9375896?
True
Does 140 divide 17248980?
True
Is 17495 a multiple of 250?
False
Is 2051174 a multiple of 314?
False
Does 238 divide 4585787?
False
Is 882024 a multiple of 429?
True
Does 35 divide 98551?
False
Is 13 a factor of 175383?
True
Is 191979 a multiple of 83?
True
Does 423 divide 325468?
False
Is 2123160 a multiple of 104?
True
Is 7 a factor of 142542?
False
Is 37502 a multiple of 18?
False
Does 116 divide 1129231?
False
Is 517503 a multiple of 21?
True
Is 20986 a multip